 digit of 75824?
2
What is the thousands digit of 3631512?
1
What is the units digit of 39784?
4
What is the hundred thousands digit of 2721846?
7
What is the hundreds digit of 489379?
3
What is the hundreds digit of 54365?
3
What is the thousands digit of 33245?
3
What is the ten thousands digit of 6354150?
5
What is the thousands digit of 106578?
6
What is the thousands digit of 27296911?
6
What is the thousands digit of 611351?
1
What is the thousands digit of 153000?
3
What is the ten thousands digit of 102436?
0
What is the hundred thousands digit of 11614254?
6
What is the hundreds digit of 855054?
0
What is the thousands digit of 5965613?
5
What is the ten thousands digit of 1966397?
6
What is the hundreds digit of 72660?
6
What is the units digit of 204808?
8
What is the hundreds digit of 12340926?
9
What is the thousands digit of 82362?
2
What is the hundred thousands digit of 3577664?
5
What is the thousands digit of 258112?
8
What is the units digit of 2604412?
2
What is the millions digit of 8211207?
8
What is the tens digit of 348919?
1
What is the units digit of 2804142?
2
What is the hundred thousands digit of 1955316?
9
What is the hundreds digit of 2312702?
7
What is the thousands digit of 3851913?
1
What is the tens digit of 2094542?
4
What is the millions digit of 16760637?
6
What is the ten thousands digit of 2123698?
2
What is the millions digit of 1842845?
1
What is the tens digit of 15262483?
8
What is the hundreds digit of 58418?
4
What is the ten thousands digit of 558682?
5
What is the units digit of 39033?
3
What is the tens digit of 8447555?
5
What is the ten thousands digit of 312844?
1
What is the tens digit of 1659?
5
What is the tens digit of 2455163?
6
What is the units digit of 2522932?
2
What is the hundreds digit of 16125206?
2
What is the hundred thousands digit of 415303?
4
What is the ten thousands digit of 875485?
7
What is the units digit of 4326285?
5
What is the hundred thousands digit of 15986087?
9
What is the ten millions digit of 11154440?
1
What is the units digit of 7954957?
7
What is the thousands digit of 228650?
8
What is the units digit of 932434?
4
What is the ten thousands digit of 469785?
6
What is the thousands digit of 6024201?
4
What is the units digit of 1844580?
0
What is the hundreds digit of 15202923?
9
What is the hundreds digit of 12215471?
4
What is the tens digit of 3786792?
9
What is the thousands digit of 45431?
5
What is the hundred thousands digit of 876775?
8
What is the units digit of 514397?
7
What is the ten thousands digit of 8851552?
5
What is the ten thousands digit of 534463?
3
What is the millions digit of 2361738?
2
What is the ten thousands digit of 1546100?
4
What is the ten thousands digit of 3209564?
0
What is the hundred thousands digit of 3727560?
7
What is the hundreds digit of 797934?
9
What is the units digit of 168003?
3
What is the units digit of 113826?
6
What is the hundreds digit of 20179364?
3
What is the units digit of 150962?
2
What is the tens digit of 544309?
0
What is the tens digit of 27748025?
2
What is the millions digit of 18970608?
8
What is the tens digit of 203891?
9
What is the thousands digit of 7082998?
2
What is the thousands digit of 39351333?
1
What is the hundreds digit of 3246618?
6
What is the ten thousands digit of 536911?
3
What is the tens digit of 807140?
4
What is the tens digit of 1023359?
5
What is the units digit of 222447?
7
What is the ten millions digit of 13857617?
1
What is the tens digit of 153403?
0
What is the thousands digit of 239620?
9
What is the ten thousands digit of 83823?
8
What is the units digit of 737788?
8
What is the hundreds digit of 124432?
4
What is the tens digit of 93877?
7
What is the ten thousands digit of 439828?
3
What is the millions digit of 1960408?
1
What is the thousands digit of 1300689?
0
What is the hundred thousands digit of 1121956?
1
What is the hundred thousands digit of 7326790?
3
What is the hundreds digit of 282086?
0
What is the units digit of 315924?
4
What is the hundreds digit of 10285911?
9
What is the ten thousands digit of 190551?
9
What is the tens digit of 504035?
3
What is the tens digit of 17048013?
1
What is the hundred thousands digit of 26910196?
9
What is the ten thousands digit of 719278?
1
What is the millions digit of 1388194?
1
What is the hundred thousands digit of 249495?
2
What is the hundreds digit of 35163342?
3
What is the hundred thousands digit of 949135?
9
What is the ten thousands digit of 2946644?
4
What is the hundreds digit of 1863683?
6
What is the ten thousands digit of 3452532?
5
What is the millions digit of 15100882?
5
What is the tens digit of 10071245?
4
What is the hundred thousands digit of 9034448?
0
What is the units digit of 87746?
6
What is the tens digit of 41392?
9
What is the millions digit of 2847571?
2
What is the hundred thousands digit of 1115749?
1
What is the hundred thousands digit of 155106?
1
What is the ten thousands digit of 733942?
3
What is the hundred thousands digit of 139994?
1
What is the units digit of 634836?
6
What is the tens digit of 123304?
0
What is the hundreds digit of 10141403?
4
What is the tens digit of 526399?
9
What is the hundreds digit of 1301199?
1
What is the hundreds digit of 800632?
6
What is the hundred thousands digit of 100160?
1
What is the tens digit of 583245?
4
What is the ten thousands digit of 363316?
6
What is the units digit of 1198126?
6
What is the tens digit of 208831?
3
What is the thousands digit of 2142738?
2
What is the thousands digit of 791467?
1
What is the hundreds digit of 672467?
4
What is the tens digit of 321200?
0
What is the hundred thousands digit of 5674245?
6
What is the ten thousands digit of 1014409?
1
What is the thousands digit of 1619435?
9
What is the tens digit of 485823?
2
What is the hundred thousands digit of 1112295?
1
What is the units digit of 327272?
2
What is the units digit of 1421373?
3
What is the millions digit of 1952039?
1
What is the ten thousands digit of 5893224?
9
What is the units digit of 356944?
4
What is the hundreds digit of 473504?
5
What is the hundreds digit of 344596?
5
What is the tens digit of 2867277?
7
What is the ten thousands digit of 921808?
2
What is the millions digit of 20512842?
0
What is the millions digit of 3058419?
3
What is the units digit of 714170?
0
What is the tens digit of 319869?
6
What is the thousands digit of 54097?
4
What is the units digit of 798139?
9
What is the thousands digit of 7163162?
3
What is the millions digit of 20717083?
0
What is the tens digit of 327058?
5
What is the hundred thousands digit of 150166?
1
What is the units digit of 20913309?
9
What is the units digit of 849057?
7
What is the thousands digit of 1715079?
5
What is the hundreds digit of 991019?
0
What is the units digit of 9204448?
8
What is the millions digit of 2200677?
2
What is the hundreds digit of 28952562?
5
What is the ten thousands digit of 809983?
0
What is the ten thousands digit of 11810492?
1
What is the thousands digit of 2876?
2
What is the hundreds digit of 2294406?
4
What is the units digit of 2082796?
6
What is the hundred thousands digit of 8154174?
1
What is the hundreds digit of 185975?
9
What is the hundreds digit of 302705?
7
What is the thousands digit of 3779065?
9
What is the tens digit of 9654305?
0
What is the units digit of 56719?
9
What is the millions digit of 3122801?
3
What is the hundreds digit of 744188?
1
What is the tens digit of 2352579?
7
What is the units digit of 776562?
2
What is the units digit of 6955?
5
What is the hundreds digit of 437629?
6
What is the millions digit of 1563809?
1
What is the hundreds digit of 6450682?
6
What is the hundred thousands digit of 319725?
3
What is the hundred thousands digit of 1763846?
7
What is the ten thousands digit of 964101?
6
What is the tens digit of 5173007?
0
What is the hundreds digit of 1037768?
7
What is the ten thousands digit of 1705217?
0
What is the units digit of 298549?
9
What is the tens digit of 11847189?
8
What is the tens digit of 11011001?
0
What is the hundreds digit of 338042?
0
What is the ten thousands digit of 1642455?
4
What is the ten thousands digit of 2824434?
2
What is the ten thousands digit of 8217590?
1
What i